at is the value of 6 - ((1 - -35) + 8 + -7 + -9)?
-22
Evaluate (3 + (-2 - 3) + 38 - -5) + 11 + -12.
40
Calculate -5 + 8 + (-399 - -339).
-57
Evaluate (3 + -1 - (277 - 234)) + 10.
-31
What is the value of 19 - (-151 - (31 + -13 + -54 + 11))?
145
What is the value of (0 - -18) + 1 + 5 + -21?
3
What is the value of 9 - 21 - (-4 - -6 - -17 - 21)?
-10
What is (0 + 4 - 11 - 6) + (12 - 25)?
-26
What is (-37 - 6) + 135 - 60?
32
-19 - (0 + 20 + (512 - 521))
-30
Calculate (162 - 104) + (-76 - -4).
-14
What is (22 - (-35 - -113)) + -5?
-61
Evaluate 104 + -36 + 51 - 12.
107
44 + (9 - 23) - 63 - -3
-30
-34 + -38 - (6 + 0 + -257 + 271)
-92
Calculate -4 + (-37 + 29 - (3 - 20) - -1).
6
What is -15 + -52 + 5 - 0 - (-12 - (-1 + -2))?
-53
Calculate -16 + (-19 - (40 + -21 + -70)).
16
What is the value of -43 - (6 - (1 + -3 - (19 + -6 + -21)))?
-43
What is -26 + (-80 + 80 - -34)?
8
What is (-6 + 23 + -36 - -14) + (39 - 0)?
34
What is 1 + 9 + -28 + 31 - (34 - (39 + 4))?
22
What is the value of (92 - 1 - (-33 + -50 + 67)) + -3?
104
Evaluate (-9 - -6) + -278 + 327.
46
What is the value of 92 + 1 + (12 - (-1 - (2 + -3)) - 23)?
82
(1232 - 1033) + -132 + 0
67
Evaluate -8 - 2 - (-4 - -1 - -6 - 1).
-12
(48 + 4 - (5 - 1)) + 40 + -41
47
-34 + (267 - 269 - (-2 + 3 + 0))
-37
-86 + -17 + 121 - 22
-4
Evaluate -6 - (29 + (5 + -4 - 106)).
70
What is the value of -51 + 48 + (5 - 1)?
1
-117 + (29 - (105 + -108))
-85
Calculate 23 + (-130 + -34 - -41).
-100
Calculate (11 - 4) + (-35 - (12 + 7)).
-47
What is the value of (7 - 0 - 0) + -11 - ((48 - 1) + 4)?
-55
What is the value of (-98 - -128) + (1 - 46) + -15?
-30
Evaluate -12 + 23 + (0 - (38 + 0)) + -5 - 0.
-32
-38 + (-6 - (-3 + (6 - 15))) + 3
-29
What is the value of (10 - -1) + 0 + 36 + 22 + -21 + -46?
2
Evaluate 2 + 18 + -29 + 1 + -38.
-46
What is -2 + 15 - (-14 + 65 + (-36 - -7))?
-9
Evaluate -3 + 2 - ((8 - (11 - 7)) + 1 + 3).
-9
What is the value of (1 - 7) + 17 - (5 + 14 + -27)?
19
Evaluate 52 - ((-277 + 290 - (1 + 19)) + 15).
44
What is the value of (0 - -4) + (4008 - 4026)?
-14
Evaluate -9 + 59 + 6 + -19 + 0.
37
-17 + 12 - 72 - (12 + (-31 - (-22 + 10)))
-70
-14799 + 14851 + (-11 + 0 - (1 + (-2 - 0)))
42
Evaluate 32 + 2 + -2054 + 2064.
44
Calculate -10 - (-15 + 10) - (-60 + 3).
52
Evaluate 22 + (1 - 2) - (73 - 80 - 4).
32
What is the value of -25 + (66 - (30 + 70))?
-59
Calculate 27 + -16 + -6 - (-4 + 4 - (0 + -17)).
-12
What is the value of -8 + (-14 - (3 + -11)) + 28 - -7?
21
What is (1 - (-6 - -5)) + 7 + 0 + 5?
14
Calculate -83 - 0 - (1363 - 1388).
-58
What is 0 + -1 + (7 - -9 - (-9 + 29))?
-5
What is the value of -90 - (-100 + 90 + -44)?
-36
Evaluate (179 - 176) + (-5 - -30 - -1).
29
What is 8 - (22 - (-12 + 4 + 18)) - -30?
26
What is the value of 1367 + -1451 - (4 - -1 - (-1 + 2) - 16)?
-72
What is the value of (-1 - 48) + 1 + -6 + (-3752 - -3777)?
-29
Evaluate -12 + -4 - -4 - (-14 + (10 - 17)).
9
What is the value of (-1 - 0 - -2) + (3867 - 3858) + -5?
5
Calculate (57 + -93 - 6) + -14.
-56
Evaluate -2 - ((137 - 125) + (9 - 76)).
53
Calculate -373 + 507 + (-21 - 11).
102
What is the value of (-70 - (11 + -101)) + 56?
76
38 - ((64 - 52) + 18)
8
What is 15 - (114 + (58 + -35 - 0))?
-122
What is the value of (-15 - -10 - -18) + 295 + -263?
45
What is the value of (27 - -1) + 1450 + -1517?
-39
What is (-2 + 50 - (-155 - -156)) + (-1 - 1 - -4)?
49
Calculate 12 + -2 + (44 - -11) + -5 + 14 + 1.
75
Calculate (-3 - -17) + -201 + 211 + 13.
37
Evaluate (-13 - -21) + 11 - (2 - 4) - (-4 - 0).
25
What is 4 + 9 - (-57 + 31 - 0)?
39
What is the value of (3 - 15) + 67 + -64 + 24?
15
Calculate 22 - (101 - 31) - -40.
-8
Calculate 0 + -16 + 559 + -494.
49
What is (-7 - 4) + 26 + 7 + -16 + -45?
-39
Evaluate 5 + -6 + -38 + -7 + 25 + -16.
-37
Calculate (7 + -19 - (11 - 5)) + (110 - 34).
58
Calculate 1 + (0 - -5) + 3 - (2 + 12 + 3).
-8
What is the value of (-9 + 8 - -16) + (33 - 23) - -12?
37
What is 36 - (-16 + 16) - ((10 - -1) + -3)?
28
What is the value of (1 - -100) + (-19 - -16) + (4 + -8 - 4)?
90
Calculate -1 + 41 - (1312 + -1283).
11
What is the value of 2 + 0 + (21 - (-27 - -21))?
29
Evaluate 5 - -24 - (116 - 88).
1
Calculate -21 + 9 - -3 - (-55 + 8 + -5).
43
Calculate 107 + (-1507 + 1508 - (41 + 2)).
65
28 + 12 + 0 - -44
84
-1 - ((-15 - (4 + 1)) + 14) - -18
23
What is -3 - -38 - (6128 + -5953)?
-140
Calculate 2 + 15 + 0 + (-4 - -227) + -325.
-85
Calculate -22 - 0 - (53 + -171 + 48).
48
What is the value of (-56 + 11 - (9 - 37)) + -1?
-18
What is -125 - (38 + -151 + 33)?
-45
What is the value of -1 - -35 - (231 + -254 - (1 + -12)) - 11?
35
What is -10 + (-7 - -16) + -5 - (1 + 0)?
-7
What is 63 - (4 + 16 - 5) - (-2 - -13)?
37
171 - (192 - (41 + 65))
85
What is the value of (1373 - 1446) + (-4 - 19 - -3)?
-93
Evaluate 37 + -59 + 36 - (-43 - -6).
51
What is the value of (-1 - 22) + 46 + -157 + 62?
-72
Calculate 13 + (-29 + (-20 - -17) - 72).
-91
What is the value of -11 + 0 - (-18 + 14 + 5 + 11)?
-23
What is 62 + -30 - (412 + -297)?
-83
(50 - 50) + -25 + 4 + -12 + 3
-30
Calculate (15 - 13 - 11) + (8 + (-1 - 4) - 5).
-11
15 - 77 - ((-37 - -22) + 1)
-48
0 + -6 + 1 - ((-16 - -4) + (-11 - -15))
3
What is the value of (3 - -20 - 26 - -2) + 12 - -3?
14
What is 89 - (183 + 35 + -76)?
-53
What is (30 + -25 - 16) + -47 - (0 - 1 - 1)?
-56
Evaluate 50 + 3 + -11 + 17 + -1 + -6.
52
Calculate -132 - -54 - (23 + -73).
-28
What is the value of (-1840 - -1992) + -136 + 9?
25
Evaluate 34 + (29 - 36) + -11.
16
Evaluate 7 - ((7 - 1) + (18 + (1 - 24) - 13)).
19
Evaluate -13 - (4 + 5 - (43 + -15 + -17)).
-11
Evaluate (31 - 1 - 34) + 1 + 2 - 32.
-33
1 + -1 + 2 - (150 + -99 + -44)
-5
Evaluate -1 + (1 + -69 - (-2 + 3)) + -17906 + 17912.
-64
(7 + 4 + -10 - (6 + 3)) + 21
13
What is the value of -33 - (1 - (36 + -22)) - -62?
42
-170 + 159 + (4 + -5 - -11) - 14
-15
What is -7 + (-51 - (-29 + -6) - (3 + (-3 - 13)))?
-10
What is the value of -49 - -53 - -61 - 10?
55
Evaluate 27 - (9 - 2) - 6 - (43 + -35).
6
Evaluate (-4 - -8 - -13) + -28 + 19.
8
What is (-4 + -45 - -48) + 57?
56
Calculate -17 - (19 - 13 - (-17 - -1)).
-39
What is the value of -109 + 23 + 47 - -54?
15
Evaluate -31 - ((-27 - -33) + (-1 + -14 - 3)).
-19
What is the value of 6 - (23 - (37 - 26))?
-6
What is (-138 - -7) + (-100 - -156 - 53)?
-128
Evaluate -1 - -20 - (44 - (57 - -7)).
39
88 + 14 - -40 - 22
120
What is the value of -116 + 18 + 262 + -263?
-99
What is 27 - (85 + -52) - 25?
-31
Evaluate (45 - 2) + 42 - (1 + 22).
62
34 + (9 - 13) + (-4 - (4 - 3)) + 0
25
Calculate -56 + (22 - (-23 - 15)).
4
-6 - (-74 - (-18 - -2) - (-3 + 3)) - -7
59
Calculate (6 - 1) + (-37 - -132) + -85 + 8 + 1.
24
What is the value of -13 + ((-2 - 1) + -10 + -231 + 230 - -132)?
105
-86 + (92 - (-29 - -48))
-13
Evaluate 0 + 0 + (1 - (-11 - 39)) - (-129 + 133).
47
Calculate 15 - (12 + 0 - -33) - (5 - 11).
-24
What is the value of (15 - 31 - (109 - -18)) + 9?
-134
Calculate 522 - 551 - (-36 - -1).
6
What is the value of -4 - (-28 + 31 - -7)?
-14
What is 10 + 3 - (17 + 6 + 26)?
-36
Evaluate 332 + -324 - ((0 - 2) + 77 + -2).
-65
What is 24 + -16 + (-1 - -2) + -24 + 10?
-5
What is the value of 259 + -305 - (1 + -76)?
29
What is (-38 - 0) + (-25 - (-38 + 26)) + (4 - -9)?
-38
-35 + -28 + 20 + 41 + 2 + 32
32
What is the value of -45 + (43 - (-14 - -42))?
-30
What is the value of 21 + 11 + -4 + -46 + -10?
-28
-17 + 1 + (0 - -11 - -34)
29
0 + 29 - (-17 + 82)
-36
229 - 254 - (-7 + 3)
-21
9 - (84 - 56 - -13)
-32
Calculate -37 + 18 + -4 + -2 + 0.
-25
What is 1 - (-115 + 12 - -74)?
30
What is 29 - -8 - (28 - (-22 + 37))?
24
What is the value of (6 - (0 - 1)) + (-162 + 28 - (-67 + 3))?
-63
Calculate -6 - (-131 + 25) - 87.
13
33 + -1 + (6655 - 6767)
-80
What is the value of 51 + -23 + (-11 - 2) + -35 + 12?
-8
What is 2 - -80 - (-2110 + 2084)?
108
What is the value of 2 - -20 - (-95 - (-121 + -4))?
-8
Evaluate 13 - (-50 - (-18 + (-12 + 12 - -25))).
70
What is the value of 4 + 17 + (-46 - 5 - -55) - 100?
-75
What is the value of -137 + (-60 - 6) + 124?
-79
Calculate 9 + -2 + (41 - 83 - -4 - (7 + -1)).
-37
What is the value of -69 - (3 + -12 + -3 - (-3 - (0 - -19)))?
-79
Evaluate -4 - -30 - (-10 + 16 - (-11 - -1)).
10
What is 70 - ((-31 - (6 + -17)) + 30 - 9)?
69
What is the value of -4 + 2 + (18 - 60 - -83)?
39
Calculate 12 + -3 - (72 + -1 - 